ctor of 1394087?
True
Is 428 a factor of 5225720?
False
Is 286160 a multiple of 14?
True
Does 179 divide 503169?
True
Is 13 a factor of 20904?
True
Is 289 a factor of 153219?
False
Is 610805 a multiple of 31?
False
Is 15707 a multiple of 280?
False
Is 74950 a multiple of 24?
False
Is 916468 a multiple of 284?
True
Does 47 divide 1233186?
True
Is 139468 a multiple of 68?
True
Does 105 divide 199185?
True
Is 1402 a factor of 1570776?
False
Does 90 divide 3944790?
True
Is 16 a factor of 795852?
False
Does 8 divide 1115496?
True
Does 15 divide 398595?
True
Is 74768 a multiple of 4?
True
Is 284096 a multiple of 16?
True
Does 24 divide 101328?
True
Does 22 divide 1310430?
True
Does 10 divide 66180?
True
Does 10 divide 6079?
False
Is 217416 a multiple of 38?
False
Does 64 divide 52858?
False
Does 21 divide 90069?
True
Does 19 divide 455614?
False
Is 3 a factor of 142953?
True
Does 194 divide 19380018?
True
Is 12 a factor of 36294652?
False
Is 10 a factor of 60245?
False
Is 503085 a multiple of 33?
True
Is 31 a factor of 60743?
False
Is 868 a factor of 5302612?
True
Is 11331 a multiple of 84?
False
Is 113 a factor of 2554930?
True
Is 29 a factor of 7521904?
True
Does 41 divide 242638?
True
Is 10422624 a multiple of 96?
True
Is 80 a factor of 3810320?
True
Is 112334 a multiple of 16?
False
Is 3 a factor of 540?
True
Is 262 a factor of 56854?
True
Is 49 a factor of 1914568?
False
Does 245 divide 12530036?
False
Does 40 divide 406560?
True
Does 520 divide 1397128?
False
Is 6779872 a multiple of 8?
True
Is 11099160 a multiple of 36?
True
Is 8 a factor of 997004?
False
Is 42080 a multiple of 80?
True
Is 18 a factor of 2006568?
True
Is 50672 a multiple of 44?
False
Is 4806 a multiple of 2?
True
Does 129 divide 2298418?
False
Does 45 divide 877545?
True
Does 805 divide 538545?
True
Is 210 a factor of 515130?
True
Is 117 a factor of 5141799?
True
Is 47465 a multiple of 55?
True
Does 9 divide 515781?
True
Does 167 divide 1432025?
True
Is 13 a factor of 119964?
True
Is 56052 a multiple of 8?
False
Is 47709 a multiple of 57?
True
Is 152 a factor of 1946056?
True
Does 50 divide 25250?
True
Is 243 a factor of 5425006?
False
Is 1801908 a multiple of 9?
True
Is 24321277 a multiple of 34?
False
Is 69318 a multiple of 61?
False
Does 3 divide 1597437?
True
Is 3338718 a multiple of 8?
False
Is 129 a factor of 405576?
True
Is 24360 a multiple of 168?
True
Does 325 divide 4589808?
False
Is 51249 a multiple of 31?
False
Is 359738 even?
True
Does 20 divide 18265?
False
Is 86177 a multiple of 650?
False
Is 13 a factor of 934856?
True
Is 2728628 a multiple of 92?
True
Is 2 a factor of 34358?
True
Is 60977 a multiple of 32?
False
Is 1974571 a multiple of 338?
False
Is 25264 a multiple of 3?
False
Does 20 divide 2255989?
False
Is 130721 a multiple of 37?
True
Is 1878308 a multiple of 164?
False
Is 5 a factor of 1364299?
False
Does 94 divide 862561?
False
Does 374 divide 596453?
False
Is 242 a factor of 4660894?
False
Is 103 a factor of 99498?
True
Is 93 a factor of 59743?
False
Is 11 a factor of 43730?
False
Is 13 a factor of 88673?
True
Is 146432 a multiple of 43?
False
Is 309 a factor of 2783472?
True
Is 2519374 a multiple of 13?
True
Does 66 divide 190080?
True
Does 711 divide 586575?
True
Does 4 divide 3146131?
False
Is 33658 a multiple of 18?
False
Does 530 divide 1738930?
True
Does 50 divide 1578012?
False
Does 34 divide 11778858?
True
Is 180472 a multiple of 2?
True
Is 2116988 a multiple of 157?
True
Is 23443 a multiple of 11?
False
Is 4 a factor of 13004?
True
Does 48 divide 105018?
False
Is 121 a factor of 339889?
True
Does 86 divide 2230024?
False
Is 2 a factor of 100717?
False
Is 12 a factor of 420490?
False
Does 824 divide 852016?
True
Is 20636 a multiple of 10?
False
Is 389698 a multiple of 76?
False
Is 12 a factor of 9103547?
False
Is 60 a factor of 107740?
False
Is 5063716 a multiple of 16?
False
Does 367 divide 2473213?
True
Is 3745388 a multiple of 9?
False
Is 2611951 a multiple of 2?
False
Is 61 a factor of 64233?
True
Is 16 a factor of 58048?
True
Does 39 divide 850785?
True
Is 862974 a multiple of 126?
True
Is 1501325 a multiple of 175?
True
Does 20 divide 8940?
True
Does 155 divide 557249?
False
Is 1968190 a multiple of 5?
True
Is 322623 a multiple of 7?
True
Is 64 a factor of 399626?
False
Is 611854 a multiple of 484?
False
Is 9 a factor of 13563?
True
Is 409 a factor of 111657?
True
Is 19 a factor of 94090?
False
Is 1617072 a multiple of 201?
False
Is 44 a factor of 2887232?
False
Does 17 divide 1751606?
False
Is 654966 a multiple of 13?
True
Is 160 a factor of 1284320?
True
Does 47 divide 2183413?
False
Is 34466224 a multiple of 23?
False
Is 610512 a multiple of 168?
True
Is 351702 a multiple of 27?
True
Does 15 divide 148180?
False
Does 63 divide 454986?
True
Is 376 a factor of 764003?
False
Is 446 a factor of 239470?
False
Is 143868 a multiple of 76?
True
Is 1806230 a multiple of 5?
True
Does 126 divide 1699866?
True
Is 152019 a multiple of 21?
True
Is 122 a factor of 2389687?
False
Is 56927 a multiple of 138?
False
Is 390 a factor of 116052?
False
Is 123767 a multiple of 6?
False
Does 67 divide 704607?
False
Is 143793 a multiple of 331?
False
Is 9 a factor of 234903?
False
Is 3390 a multiple of 6?
True
Is 516 a factor of 20800992?
True
Does 8 divide 117856?
True
Is 1341924 a multiple of 7?
False
Does 22 divide 2348126?
True
Does 183 divide 785133?
False
Is 714168 a multiple of 39?
True
Does 25 divide 64217?
False
Is 305 a factor of 4791510?
False
Is 105 a factor of 40050?
False
Does 2 divide 18997?
False
Does 73 divide 1788281?
True
Is 593380 a multiple of 7?
False
Is 4129 even?
False
Does 79 divide 1257071?
False
Is 2253069 a multiple of 695?
False
Does 11 divide 2879?
False
Is 312569 a multiple of 2?
False
Does 17 divide 59143?
True
Does 149 divide 2095169?
False
Is 410 a factor of 185475?
False
Does 759 divide 137379?
True
Does 493 divide 4061797?
False
Does 559 divide 7363707?
True
Is 109 a factor of 5498505?
True
Is 54348 a multiple of 21?
True
Is 15993286 a multiple of 16?
False
Is 220234 a multiple of 16?
False
Is 4 a factor of 1174356?
True
Is 90 a factor of 1644570?
True
Does 71 divide 741?
False
Is 760563 a multiple of 25?
False
Is 27 a factor of 2477349?
False
Is 91 a factor of 35679?
False
Is 1726384 a multiple of 68?
True
Does 125 divide 8592?
False
Does 72 divide 52404?
False
Is 656250 a multiple of 50?
True
Does 55 divide 1939300?
True
Is 9 a factor of 850814?
False
Is 149 a factor of 4059995?
False
Is 23 a factor of 123280?
True
Is 10985 a multiple of 69?
False
Is 174130 a multiple of 22?
True
Is 587346 a multiple of 46?
False
Does 154 divide 98140?
False
Does 38 divide 189430?
True
Is 6729642 a multiple of 486?
True
Is 359064 a multiple of 11?
False
Is 156 a factor of 65988?
True
Is 6149492 a multiple of 1237?
False
Is 4 a factor of 317808?
True
Does 66 divide 275550?
True
Is 286803 a multiple of 11?
True
Is 116590 a multiple of 3?
False
Is 90 a factor of 760669?
False
Does 14 divide 1815520?
True
Does 41 divide 6016751?
False
Is 25987 a multiple of 91?
False
Does 417 divide 17677438?
False
Is 11 a factor of 301895?
True
Does 69 divide 11040?
True
Is 247 a factor of 65736?
False
Is 186865 a multiple of 21?
False
Does 16 divide 10450945?
False
Is 1571400 a multiple of 405?
True
Does 598 divide 4789980?
True
Is 19575872 a multiple of 2105?
False
Does 75 divide 465637?
False
Is 11 a factor of 421016?
False
Does 12 divide 97277?
False
Is 108 a factor of 455976?
True
Is 1926393 a multiple of 53?
False
Is 35 a factor of 12288?
False
Is 64 a factor of 10880128?
True
Is 7 a factor of 9913?
False
Does 70 divide 20890?
False
Does 32 divide 1424224?
True
Does 909 divide 969696?
False
Does 46 divide 2287626?
True
Does 9 divide 1887525?
True
Is 77 a factor of 586971?
True
Is 7251 a multiple of 4?
False
Does 16 divide 1989047?
False
Is 433371 a multiple of 12?
False
Does 858 divide 1637909?
False
Is 99 a factor of 1712215?
False
Is 494598 a multiple of 442?
True
Is 43233 a multiple of 214?
False
Is 753939 a multiple of 19?
True
Is 32060 a multiple of 191?
False
Is 21 a factor of 125638?
False
Is 1512100 a multiple of 158?
False
Is 277 a factor of 246807?
True
Is 36 a factor of 1619641?
False
Is 193248 a multiple of 264?
True
Is 3870720 a multi